 factors of k(3).
67
Let i(d) = d**3 + 4*d**2 - 5*d - 1. Suppose 5*v = -3*g, 5*g + 13 = -5*v + v. Let c be i(g). Let o = 11 + c. List the prime factors of o.
2, 5
Suppose 2*d - 66 = 2*q - d, 16 = 4*d. Let p(x) = -15*x - 1. Let z be p(1). Let y = z - q. List the prime factors of y.
11
Let h(p) = p**3 - 10*p**2 - 12*p + 16. Suppose 4*w - 5*g - 19 = 0, 5*w - 24 - 46 = -3*g. Let b be h(w). Suppose -33 = -2*r - b. List the prime factors of r.
2, 7
Let z(k) = -3*k. Let p be z(-3). Let y = p + -7. Suppose y*h - 42 = -8. What are the prime factors of h?
17
Let s(j) = -j**3 - 3*j**2 + 7*j. Suppose 4*l = 3*m - 14, -2*l + 21 = -7*l + 2*m. What are the prime factors of s(l)?
3, 5
Let a(r) = r**3 - 7*r**2 - 6*r + 2. Let h be a(8). Suppose 2*y + h = 5*y. Let x = y - 2. List the prime factors of x.
2
Suppose -v + 6*v + 3*z - 43 = 0, 0 = -4*z - 16. Suppose d = -0*d + v. What are the prime factors of d?
11
Let a(y) = -y**3 - 15*y**2 + 4*y - 8. Let n(l) = -l**2 - l. Let g(u) = a(u) - 6*n(u). Let j be g(-10). Let p(o) = -4*o - 12. What are the prime factors of p(j)?
2, 5
Suppose 0 = -0*h - 5*h + 4*b + 300, -3*h + 5*b + 180 = 0. Suppose -2*u - u + 4*k = -h, 3*k = -u + 7. List the prime factors of u.
2
What are the prime factors of 4 - 45/(-4 + 1)?
19
Suppose 0 = -s - 4*s + 5. Suppose 5*x = 4*j - 6 - s, -5*j = -2*x - 13. Suppose -h - 22 = -j*h. What are the prime factors of h?
11
Suppose 0 = 5*s - 0*o + 2*o - 300, 0 = -2*s + 2*o + 134. What are the prime factors of s?
2, 31
Let m(l) = -l**2 - 13*l - 11. Let k be m(-12). Suppose -5*c = k - 21. List the prime factors of c.
2
Suppose 9*b + 15 = 12*b. Let g(j) = 7*j - 11. What are the prime factors of g(b)?
2, 3
Let c = 2 - 3. Let s be (c - 7)*(-1)/2. Suppose -5*f - y + 37 = 0, -f + 0 + 20 = -s*y. List the prime factors of f.
2
Suppose 3*z - 2*c = 56, 4*z = c + c + 76. List the prime factors of z.
2, 5
Suppose 3*p - 3*w = -0*w, 0 = 4*p - w - 9. Let k(d) = -1 + 5 - 3 + d. List the prime factors of k(p).
2
Suppose 2 + 6 = -c - 5*d, -5*d = 3*c + 4. Suppose -y = 5*b - 159, -c*b = -0*b - 5*y - 42. List the prime factors of b.
31
Let j(x) = 4*x - 9. Let a = 15 + -9. List the prime factors of j(a).
3, 5
Let q be (-6)/10 + 156/10. Suppose -2*o = -41 - q. List the prime factors of o.
2, 7
List the prime factors of ((-1770)/15)/(2/6*-1).
2, 3, 59
Let v = -2 - -4. Suppose -v*q - 1 = -13. What are the prime factors of q?
2, 3
Let c(j) = 3*j**2 - 7*j + 14. Suppose 3*y = -10 + 22. List the prime factors of c(y).
2, 17
Suppose -4*d - 14 = -5*f - 0*f, -2*d = 4*f - 32. Let x(y) = -y**3 + 5*y**2 + 6*y + 4. List the prime factors of x(f).
2
Let q be 14/(-4) + 1/2. Let b = q - -3. Suppose 2*g - g - 3 = b. What are the prime factors of g?
3
Suppose -38 = 5*h - 3. Let d = h - -4. Let u = d - -6. What are the prime factors of u?
3
Let s = 17 + 29. List the prime factors of s.
2, 23
List the prime factors of 102*(-2 - 0)/(-6).
2, 17
Let d = 10 - 2. Let v = -6 + d. Suppose -2*h - z + 36 = -0*z, v*h = z + 28. List the prime factors of h.
2
Let u be 17 + (9/(-3) - -1). Suppose 5*h + 5*k + 0 = -u, -k + 1 = 3*h. List the prime factors of h.
2
Suppose 16*t = -3*t + 3724. List the prime factors of t.
2, 7
Let r(o) = 3*o**2 - 9*o - 5. What are the prime factors of r(-4)?
79
Let p(t) be the third derivative of t**5/12 - t**4/24 + t**2. Let m = -66 + 67. What are the prime factors of p(m)?
2
Let c(o) = -4*o - 2. List the prime factors of c(-3).
2, 5
Suppose -v = -2*v + 3. Suppose 2*s + v*q = 58, -5*s + q + 135 - 7 = 0. List the prime factors of s.
2, 13
Let i = 2 - 3. Let r be 2/2 + (1 - i). What are the prime factors of r/9*0 - -8?
2
Let z(j) = -30*j**3 + j**2 + 4*j + 2. List the prime factors of z(-1).
29
Suppose 0 = 2*m + 2*m + 3*n - 164, 0 = 4*m - 2*n - 144. List the prime factors of m.
2, 19
Suppose 0 = -4*y - 16, -4*b + 3 - 11 = 2*y. Suppose b = 3*t + v - 85, 0*t - 4*v + 50 = 2*t. What are the prime factors of t?
29
Let a(i) = 2*i**2 - 15*i + 3. What are the prime factors of a(9)?
2, 3, 5
Let g(r) = r**3 + 2*r**2 - 3*r - 4. Let w be g(-3). What are the prime factors of w/6*27/(-2)?
3
Let u be 31/7 + (-18)/42. Let i(m) = 5*m - 5. List the prime factors of i(u).
3, 5
Let k(d) = -2*d + 4. Let h be k(-7). Let z be 1/3 + (-60)/h. What are the prime factors of (-1)/z - 20/(-3)?
7
Let q(i) be the third derivative of 5/3*i**3 + 0 + 1/60*i**5 + i**2 + 0*i + 7/24*i**4. What are the prime factors of q(-7)?
2, 5
Suppose -2*f = -5*f + 123. List the prime factors of f.
41
Let j(i) = 3*i + 12. Let n(w) = 4*w + 12. Let a(z) = 5*j(z) - 4*n(z). List the prime factors of a(6).
2, 3
What are the prime factors of 4/26 - 3030/(-78)?
3, 13
Let v = 2 + 2. Let z = -12 + 12. Let m = v - z. List the prime factors of m.
2
List the prime factors of 1*-3*(-39)/9.
13
Let r be (6/9)/(6/27). Suppose j + 6 = r*j. Suppose -j*y + 5 = -7. List the prime factors of y.
2
Suppose -4*b - 5*v + 4 = 9, 4*v = 4*b - 4. Suppose -2*t + 0*t + 56 = 5*q, b = 2*t - 3*q - 24. List the prime factors of 1*t/(3 + -2).
2, 3
Let v(b) = 14*b**2 - b. Let m be v(-1). Let h = -12 + m. What are the prime factors of h?
3
Let a = 139 - 80. What are the prime factors of a?
59
Let c(x) be the second derivative of -11*x**5/120 - x**3/6 + 2*x. Let w(h) be the second derivative of c(h). List the prime factors of w(-1).
11
Suppose k + 12 = 2*v, 2*k = 4*k + 8. List the prime factors of v.
2
Let g(u) = 5*u - 8. Let j be g(6). Let l = -7 + 12. Suppose 4*x - x + j = 2*c, 3*c - l*x = 33. What are the prime factors of c?
11
Suppose 0 = 5*c + 11 - 36. What are the prime factors of c?
5
Let c be (-27)/(-2)*(-28)/(-21). Suppose -4 = -2*k + c. What are the prime factors of k?
11
Let g(f) = -f**2 - 10*f - 9. Let v be g(-9). Suppose 0*a - a + 8 = v. Let p = 22 - a. What are the prime factors of p?
2, 7
Let y(l) = -l**3 + 3*l**2 - 1. Let h be y(2). Let b = 11 + -8. Suppose -h*w - w = -3*c + 17, b*w = -6. What are the prime factors of c?
3
Suppose -4*b + 4*s + 32 = 0, b - 5*s + 17 = 5. List the prime factors of b.
13
Let n = -16 + 17. Let x(o) = o**2 + o. What are the prime factors of x(n)?
2
Let y(x) = x**3 - 3*x**2 + 3*x + 5. List the prime factors of y(4).
3, 11
Suppose 13 = -4*p - 3. Suppose 0 = 2*r - 32. Let i = r + p. List the prime factors of i.
2, 3
Let n be (-123)/4 + (-3)/(-4). Let d = 53 + n. What are the prime factors of d?
23
Let p be ((-175)/(-10))/((-1)/(-2)). Suppose -4*l + 4*i = -80, -3*l + p = l + 5*i. What are the prime factors of l?
3, 5
Suppose d + 4*g - 40 = 0, -2*d + 0*g + g + 53 = 0. Let l = 42 - d. List the prime factors of l.
2, 7
Suppose w = 19 + 59. Suppose -2*g = g - w. What are the prime factors of g?
2, 13
Suppose 4*j - 27 = 37. Suppose -13 = -5*u + 12. Let p = j - u. List the prime factors of p.
11
Suppose -44 = 4*b - 8. List the prime factors of ((-16)/6)/(1/b).
2, 3
Let i(r) = 5*r + 4. Let x(m) = -14*m - 13. Let l(z) = -11*i(z) - 4*x(z). Let f(k) = -k**2 - 6*k - 6. Let b be f(-6). List the prime factors of l(b).
2
Let j be 1 + (0 - -2) + -24. Let h = j - -29. List the prime factors of h.
2
Suppose -5*l - 2*o = -26, -4*o + 15 = 4*l - 13. Suppose 2*t - l = -4*a + 82, -6 = -3*a. What are the prime factors of t?
3, 13
Suppose 4*f + 50 = 302. What are the prime factors of f?
3, 7
Let h(c) = c**3 + 4*c**2 - 2*c. Let u be (3*-2)/(9/6). What are the prime factors of h(u)?
2
Let g = 24 - 9. What are the prime factors of g?
3, 5
Suppose 2*a = -k + 11, -16 = -5*a - 5*k + 14. Let h = a - 0. Suppose -2*u + 2*d = -7*u + 28, 0 = h*u - 5*d - 35. What are the prime factors of u?
2, 3
Let a be (2 - 0)*6/3. Suppose -5*n + 6 = -3*r, 0 = 2*n + a*r + 13 - 5. Suppose -3*y - 2*w + 22 = n, 4*w - 32 + 4 = -4*y. What are the prime factors of y?
2
Suppose -2*u + u = -15. What are the prime factors of u?
3, 5
Suppose -x = 10 - 3. Let a(c) = c**2 + 8*c + 9. What are the prime factors of a(x)?
2
Let x(q) = q**2 - 12*q + 2. Let y be x(9). Let t = -8 - y. What are the prime factors of t?
17
List the prime factors of 3 + 3/(1 + 2).
2
Let d(x) = x + 1. Let h be d(3). Suppose h*w - 61 = -1. List the prime factors of w.
3, 5
Let f(q) = -q**3 + 12*q**2 + 6*q + 5. Let v be f(12). Suppose -5*l - 71 = -4*a, -2*a - l + v = a. List the prime factors of a.
2, 3
List the prime factors of (57/(-6))/((-5)/10).
19
Suppose 0 = 47*h - 46*